{"id":62,"date":"2019-10-28T12:38:40","date_gmt":"2019-10-28T11:38:40","guid":{"rendered":"http:\/\/xn--entreparenthses-5mb.com\/?page_id=62"},"modified":"2019-10-28T12:48:11","modified_gmt":"2019-10-28T11:48:11","slug":"nhesitez-pas-a-nous-contacter","status":"publish","type":"page","link":"https:\/\/xn--entreparenthses-5mb.com\/?page_id=62","title":{"rendered":"N\u2019h\u00e9sitez pas \u00e0 nous contacter !"},"content":{"rendered":"\n<p>Notre \u00e9quipe est \u00e0 votre disposition et \u00e0 votre \u00e9coute pour mettre en place vos projets. <br><br>Nous sommes dispos\u00e9s \u00e0 rencontrer les \u00e9quipes p\u00e9dagogiques dans votre \u00e9tablissement afin de d\u00e9finir les contours de votre s\u00e9jour et de vos envies. Quelques jours apr\u00e8s cet entretien, nous reviendrons afin de vous soumettre un projet cl\u00e9 en main. <\/p>\n\n\n\n<p>Nous vous proposerons un devis comprenant l\u2019ensemble des prestations : transport, h\u00e9bergements, visites, etc. que vous pourrez modifier si besoin. <br>Nous vous proposons \u00e9galement de pr\u00e9senter les s\u00e9jours aux familles lors d\u2019une r\u00e9union et nous vous fournissons les dossiers d\u2019informations ainsi que les dossiers pour l\u2019IA etc.<\/p>\n\n\n\n<p>Vous n\u2019aurez qu\u2019\u00e0 profiter des visites et vous consacrer totalement \u00e0 l\u2019aspect p\u00e9dagogique du s\u00e9jour. <\/p>\n\n\n\n<div class=\"wp-block-button alignleft\"><a class=\"wp-block-button__link\" href=\"https:\/\/xn--entreparenthses-5mb.com\/?page_id=65\">S\u00e9bastien Lesur<\/a><\/div>\n\n\n\n<div class=\"wp-block-button alignright\"><a class=\"wp-block-button__link\" href=\"https:\/\/xn--entreparenthses-5mb.com\/?page_id=68\">J\u00e9r\u00e9my Sgard<\/a><\/div>\n","protected":false},"excerpt":{"rendered":"<p>Notre \u00e9quipe est \u00e0 votre disposition et \u00e0 votre \u00e9coute pour mettre en place vos projets. Nous sommes dispos\u00e9s \u00e0 rencontrer les \u00e9quipes p\u00e9dagogiques dans votre \u00e9tablissement afin de d\u00e9finir les contours de votre s\u00e9jour et de vos envies. Quelques jours apr\u00e8s cet entretien, nous reviendrons afin de vous soumettre un projet cl\u00e9 en main. [&hellip;]<\/p>\n","protected":false},"author":1,"featured_media":0,"parent":0,"menu_order":0,"comment_status":"closed","ping_status":"closed","template":"","meta":[],"_links":{"self":[{"href":"https:\/\/xn--entreparenthses-5mb.com\/index.php?rest_route=\/wp\/v2\/pages\/62"}],"collection":[{"href":"https:\/\/xn--entreparenthses-5mb.com\/index.php?rest_route=\/wp\/v2\/pages"}],"about":[{"href":"https:\/\/xn--entreparenthses-5mb.com\/index.php?rest_route=\/wp\/v2\/types\/page"}],"author":[{"embeddable":true,"href":"https:\/\/xn--entreparenthses-5mb.com\/index.php?rest_route=\/wp\/v2\/users\/1"}],"replies":[{"embeddable":true,"href":"https:\/\/xn--entreparenthses-5mb.com\/index.php?rest_route=%2Fwp%2Fv2%2Fcomments&post=62"}],"version-history":[{"count":4,"href":"https:\/\/xn--entreparenthses-5mb.com\/index.php?rest_route=\/wp\/v2\/pages\/62\/revisions"}],"predecessor-version":[{"id":71,"href":"https:\/\/xn--entreparenthses-5mb.com\/index.php?rest_route=\/wp\/v2\/pages\/62\/revisions\/71"}],"wp:attachment":[{"href":"https:\/\/xn--entreparenthses-5mb.com\/index.php?rest_route=%2Fwp%2Fv2%2Fmedia&parent=62"}],"curies":[{"name":"wp","href":"https:\/\/api.w.org\/{rel}","templated":true}]}}