{"id":394,"date":"2021-01-05T11:37:50","date_gmt":"2021-01-05T10:37:50","guid":{"rendered":"http:\/\/xn--entreparenthses-5mb.com\/?page_id=394"},"modified":"2022-01-10T11:54:52","modified_gmt":"2022-01-10T10:54:52","slug":"foire-aux-questions","status":"publish","type":"page","link":"https:\/\/xn--entreparenthses-5mb.com\/?page_id=394","title":{"rendered":"Foire aux questions :"},"content":{"rendered":"\n<p class=\"has-medium-font-size\"><strong>Comment se d\u00e9roulent les s\u00e9jours en temps de COVID ?<\/strong><\/p>\n\n\n\n<p>L&#8217;ensemble de nos s\u00e9jours prend en compte la situation sanitaire actuelle. <\/p>\n\n\n\n<p>Les sorties scolaires sont autoris\u00e9es sur le territoire nationale dans le strict respect des consignes sanitaires et des mesures arr\u00eat\u00e9es par les autorit\u00e9s locales.<\/p>\n\n\n\n<p>Sachez \u00e9galement que nous consid\u00e9rons que l\u2019enfant en s\u00e9jour p\u00e9dagogique se trouve dans une bulle sanitaire avec le reste des \u00e9l\u00e8ves du groupe. Il sera dans des situations sans doute moins propices au brassage que durant son quotidien. <\/p>\n\n\n\n<p> <br>Nous veillerons, tout au long du s\u00e9jour, au respect des normes sanitaires et ce durant tous les temps du voyage : transport, visites, temps libre, repas, etc.<em><br>     &#8211; Le port du masque est obligatoire pour tous les \u00e9l\u00e8ves de plus de 6 ans.<br>     &#8211; Les temps de repas et de sommeil sont les seules exceptions concernant le<br>       port du masque.<br>     &#8211; Le bus est r\u00e9guli\u00e8rement d\u00e9sinfect\u00e9.<br>     &#8211; Les centres d&#8217;h\u00e9bergement suivent des protocoles sanitaires stricts.<br>       Distance entre les lits d&#8217;au moins 1 m\u00e8tre, distanciation durant les<br>       repas, d\u00e9sinfection et a\u00e9ration r\u00e9guli\u00e8res des locaux.<br>     &#8211; Il n&#8217;y aura aucun m\u00e9lange avec les \u00e9l\u00e8ves d&#8217;autres groupes.<br>     &#8211; Les \u00e9l\u00e8ves peuvent voyager c\u00f4te-\u00e0-c\u00f4te dans le bus en essayant de <\/em><br>       <em>conserver la r\u00e9partition des bulles chambres.<br>     &#8211; Les enfants devront se laver r\u00e9guli\u00e8rement les mains. Lorsque cela n&#8217;est <\/em><br>       <em>pas possible une d\u00e9sinfection des mains avec du gel hydroalcoolique sera <\/em><br>       <em>mise en<\/em> <em>place<\/em>.<\/p>\n\n\n\n<p class=\"has-medium-font-size\"><strong>Qui fourni les masques de protections ?<\/strong><\/p>\n\n\n\n<p>     <em>&#8211; Les masques sont \u00e0 fournir par les familles.<br>     &#8211; Il faut compter au moins 4 masques par jour pour les enfants.<br>     &#8211; Les masques jetables sont encourag\u00e9s. Aucun lavage de masque ne sera <\/em><br>       <em>fait sur place.<\/em><\/p>\n\n\n\n<p class=\"has-medium-font-size\"><strong>Que faire si un cas de COVID est d\u00e9tect\u00e9 dans le groupe ?<\/strong><\/p>\n\n\n\n<p>      &#8211; <em>Si un enfant pr\u00e9sente des sympt\u00f4mes, nous contacterons l&#8217;ARS et nous <\/em><br>       <em>appliquerons les directives indiqu\u00e9es par cet organisme. <\/em><br>      &#8211; <em>L\u2019enfant positif sera isol\u00e9 du reste du groupe sans jamais rester seul<\/em> <br>      &#8211; <em>Les assurances scolaires, en lien avec les enseignants et les familles <br>       prendront le relai pour que l\u2019enfant regagne son foyer.<\/em><br><\/p>\n\n\n\n<p><strong>Nos conseils avant le d\u00e9part :<\/strong><\/p>\n\n\n\n<p>      &#8211; Dans la mesure du responsable, essayer de limiter les interactions de l\u2019enfant durant la semaine qui pr\u00e9c\u00e8de le s\u00e9jour.<br>      &#8211; Sans que cela ne soit obligatoire, r\u00e9aliser des tests avant le d\u00e9part.<\/p>\n\n\n\n<p><strong style=\"font-size: 18px;\">Informations suppl\u00e9mentaires :<\/strong><br><br>      &#8211; La vaccination des enfants n\u2019est pas obligatoire mais les adultes qui accompagnent le s\u00e9jour poss\u00e9deront un pass vaccinal.<\/p>\n\n\n\n<p><br><\/p>\n\n\n\n<p><br><em> <\/em><\/p>\n\n\n\n<p><\/p>\n","protected":false},"excerpt":{"rendered":"<p>Comment se d\u00e9roulent les s\u00e9jours en temps de COVID ? L&#8217;ensemble de nos s\u00e9jours prend en compte la situation sanitaire actuelle. Les sorties scolaires sont autoris\u00e9es sur le territoire nationale dans le strict respect des consignes sanitaires et des mesures arr\u00eat\u00e9es par les autorit\u00e9s locales. Sachez \u00e9galement que nous consid\u00e9rons que l\u2019enfant en s\u00e9jour p\u00e9dagogique [&hellip;]<\/p>\n","protected":false},"author":1,"featured_media":0,"parent":0,"menu_order":0,"comment_status":"closed","ping_status":"closed","template":"","meta":[],"_links":{"self":[{"href":"https:\/\/xn--entreparenthses-5mb.com\/index.php?rest_route=\/wp\/v2\/pages\/394"}],"collection":[{"href":"https:\/\/xn--entreparenthses-5mb.com\/index.php?rest_route=\/wp\/v2\/pages"}],"about":[{"href":"https:\/\/xn--entreparenthses-5mb.com\/index.php?rest_route=\/wp\/v2\/types\/page"}],"author":[{"embeddable":true,"href":"https:\/\/xn--entreparenthses-5mb.com\/index.php?rest_route=\/wp\/v2\/users\/1"}],"replies":[{"embeddable":true,"href":"https:\/\/xn--entreparenthses-5mb.com\/index.php?rest_route=%2Fwp%2Fv2%2Fcomments&post=394"}],"version-history":[{"count":8,"href":"https:\/\/xn--entreparenthses-5mb.com\/index.php?rest_route=\/wp\/v2\/pages\/394\/revisions"}],"predecessor-version":[{"id":624,"href":"https:\/\/xn--entreparenthses-5mb.com\/index.php?rest_route=\/wp\/v2\/pages\/394\/revisions\/624"}],"wp:attachment":[{"href":"https:\/\/xn--entreparenthses-5mb.com\/index.php?rest_route=%2Fwp%2Fv2%2Fmedia&parent=394"}],"curies":[{"name":"wp","href":"https:\/\/api.w.org\/{rel}","templated":true}]}}